 = s + -1486. Is a a prime number?
False
Let r = -141730 + 857343. Is r a composite number?
False
Let c(z) = 178*z**2 - 22*z - 51. Let k be c(-2). Let y = 896 - k. Is y a composite number?
False
Let g be 49065/(-20) - 3/(-12). Suppose m - 3*m - 3*d + 7421 = 0, -4 = 4*d. Let z = g + m. Is z composite?
False
Let k(s) = -33*s**2 - 2*s + 3. Let d(p) = -71*p**2 - 3*p + 5. Let m(w) = 2*d(w) - 5*k(w). Let u be -1*2 + (0 - -6). Is m(u) prime?
True
Is ((-300)/(-45))/20 + (4644552/(-9))/(-2) prime?
True
Let x = 31052 + -14535. Suppose -3*h = -s - x, h = 4*h - 2*s - 16513. Is h a composite number?
False
Suppose -13 = -w - 8. Suppose -2*i + 80 = -5*d, 0*d - i + 85 = -w*d. Is 458/6 + d/(-27) prime?
False
Suppose -150*h + 98513920 = -103315009 + 1405379. Is h prime?
False
Let y = -3 - -7. Suppose -5*m + 3249 = 4*h, 4*m + 0*h = -y*h + 2596. Let g = 1240 - m. Is g a prime number?
True
Let h = -6896 + 40143. Is h composite?
False
Is (726/(-187) - (2 - 6)) + 429790/34 prime?
True
Let y(u) = -10*u + 139. Let j be y(14). Is 803/(-2 + j - -4) a composite number?
True
Suppose -29104 = -s - h + 33721, -5*h = -3*s + 188427. Is s prime?
True
Suppose 7*i = 3*i - 240. Let y be (-2)/(-7) - i/(-14). Is 474/4*(70/15 + y) a composite number?
False
Let w = 49 + -67. Is (-3789)/w*86 + 0 + -2 a prime number?
False
Suppose -5*i = -7 + 2. Is (69/46)/(((-3)/(-3694))/i) a prime number?
True
Let k be -1 - -2*12/8. Let w(i) = -3 - k - 64*i + 0. Is w(-4) prime?
True
Let t(q) be the first derivative of 14*q**3 - 2*q**2 + 16*q**3 + 15*q - 28*q**3 - 23 + 7. Is t(-5) a composite number?
True
Let n(d) = -d**2 - 3*d + 15. Let z be n(3). Let x(a) = 286*a**2 - a - 4. Let o(v) = 286*v**2 - v - 3. Let r(h) = 6*o(h) - 5*x(h). Is r(z) prime?
True
Let u(b) = 18*b**2 + 16*b - 3. Let w(m) = 10*m + 63. Let p(f) = 2*f + 13. Let a(h) = -11*p(h) + 2*w(h). Let k be a(-11). Is u(k) prime?
False
Let m(n) = -41812*n**2 + 19*n + 7. Let q(s) = 27875*s**2 - 13*s - 5. Let w(z) = -5*m(z) - 7*q(z). Is w(1) composite?
False
Suppose 115*d = 365*d - 24442750. Is d a prime number?
True
Let h(y) = -122*y - 113*y + 228*y + y**2 - 24. Let x be h(10). Is 4/x*(-19176)/(-16) prime?
False
Let v = -68 - -54. Is 13707 - (4 + v)/(-5) prime?
False
Let m = 60 + -56. Let u(o) = o**2 - 6*o + 10. Let j be u(m). Suppose -j*f + 2*c + 640 = 0, 3*f + 5*c - 832 - 120 = 0. Is f a prime number?
False
Let y = -66 + 70. Suppose -l + 4453 = 2*i, -y*i + i + 22286 = 5*l. Let t = l - 2088. Is t a composite number?
False
Let h be (53044/6)/(14/21). Let k = 20 - 20. Suppose k = -8*l + 2635 + h. Is l a prime number?
True
Let m = 76790 + -53071. Is m prime?
True
Let h be (-54)/9*3/(-6). Suppose 0 = h*k, 2039 = 5*z - 5*k - 7036. Let q = z + -1069. Is q prime?
False
Let x(n) = 28*n - 20. Let m be x(7). Suppose 177*w = m*w + 2153. Is w prime?
True
Let q = -462 - -463. Suppose 2*s + 2 = 4*s. Is (-319)/(-2)*(s + q) composite?
True
Suppose -5*p + 14*i + 70543 = 10*i, -2*p - 2*i = -28210. Is p composite?
False
Let n(o) = 2428*o**2 - o + 5. Let a(w) = -2427*w**2 + w - 6. Let k(f) = 2*a(f) + 3*n(f). Let x be k(-2). Suppose -4*q - 843 = l - 2788, 5*l + q = x. Is l prime?
False
Let c be (-4)/(-7) + 264/77. Let u = c + -9. Is (-2398)/(-5) - (-3)/u a prime number?
True
Suppose 45*q = 47*q - 142. Suppose -6*x + 168 = -4*x. Let f = x - q. Is f a composite number?
False
Let k be ((-226)/8)/(31/(-1736)). Let i = k - -213. Is i composite?
True
Is -4 + (96736 - -11) - -6 a prime number?
True
Suppose -2718 - 1462 = -4*g. Suppose g = -35*l + 46*l. Is l prime?
False
Let u(s) = -12*s**2 - s**3 - 14*s + 4*s**3 - 1 + 4*s**2. Let d = -2239 + 2249. Is u(d) composite?
True
Suppose -s - 4*r - 31 = 0, 2*s = -s + 4*r - 29. Is ((-25)/s - 5)*5028/(-8) composite?
True
Let k = 73006 - 49624. Let x = k - -9187. Is x composite?
False
Let b(g) = g**3 - 6*g**2 - 6*g + 1. Let f be b(7). Suppose -2*w = 2*s - 4*w + f, 5*s + 5*w = 0. Is 3 + 4 + s + 2916 a prime number?
False
Let q(z) = 35*z - 173. Let d be q(5). Suppose 2*a = d*o + 582, 3*a - 839 = -5*o + 50. Is a a prime number?
True
Let l(b) = 20354*b - 55. Is l(9) a composite number?
True
Suppose -5*y = -t + 4*t - 232, -5*t + 108 = 2*y. Suppose -a = -i - 3*a - y, 100 = -3*i + 2*a. Let b = 3655 - i. Is b composite?
False
Let u be (40/12)/(6*(-1)/(-9)). Suppose -v + 5833 = -4*t, 4*v + u*t + 17506 = 7*v. Is v a composite number?
True
Let p be 684 - (1 + -2 + (-1)/1). Suppose -q - o - 2*o + 337 = 0, -2*q + p = 3*o. Let i = 710 - q. Is i composite?
True
Suppose 0 = -6*x + 32*x + 416. Is 0 - 12/(-32) - 165706/x a composite number?
False
Suppose -82*t + 20973433 = 1385847. Is t a prime number?
False
Let l(x) = 3*x**2 + x - 1. Let a be l(1). Suppose 3*g + 2244 = 3*b, 13*g - 2249 = -a*b + 17*g. Is b a prime number?
True
Let p = -27 - -31. Suppose -4*s + 2*j = 5036, -1259 = p*s - 3*s - 4*j. Let n = 2422 + s. Is n prime?
True
Let q be (10/20)/((-1)/(-4650)). Is (-8 - q)/(1/(-1)) a composite number?
False
Let x be (56/2)/((-4)/352*-4). Suppose -x*m = -613*m - 5703. Is m a prime number?
True
Suppose 26*s - 87749 = -21*s. Let z = 4238 - s. Is z prime?
True
Let v = -31 + 36. Suppose 3*f + 4*k = v*f - 21050, 0 = k - 3. Is f a composite number?
False
Let b = -600 + -691. Suppose -4*h + 8918 = 5*f, 658*f - 659*f = -4*h + 8930. Let d = b + h. Is d a prime number?
True
Let m(u) = 4*u**2 - 20*u + 16. Let k be m(4). Suppose -53*j + 39*j + 140854 = k. Is j a prime number?
True
Let h(l) = 73462*l - 3411. Is h(35) a prime number?
True
Let s(d) = -d**3 - 25*d**2 + 17*d + 530. Is s(-77) composite?
False
Suppose -13*f + 7*f = -420. Let w = -64 + f. Is (2/w)/((-3)/(-10386)) a prime number?
False
Let m(p) = -13*p + 9. Let n be m(-6). Suppose -n*d + 35623 = -80*d. Is d a prime number?
False
Suppose -7*j = -18894 - 21265. Is j a composite number?
False
Suppose 0 = 2*m - 2*f - 390456, 4*f - 888477 - 87672 = -5*m. Is m composite?
False
Let n(p) = 85*p**3 - 73*p**2 + 20*p - 145. Is n(13) prime?
False
Suppose -32*j + 360880 = -10*j + 58*j. Is j a composite number?
True
Suppose -9*k + 5926 = -7781. Is k a composite number?
False
Suppose -142 = -6*f - 40. Suppose f = 8*l - 7. Suppose j = 4*j + l*z - 207, -4*z = j - 63. Is j prime?
True
Suppose 42*y = 34192 + 7766. Let f = 2192 - y. Is f a prime number?
True
Suppose 72*u = -65*u + 23453326 + 22301523. Is u a composite number?
True
Is 46559/21 + (-26)/273 composite?
True
Suppose 0 = 3*o + 5*k + 14506, -5*o - 20*k - 24120 = -23*k. Let m = 13606 + o. Is m composite?
False
Suppose -471 = -i + 6657. Suppose -17*w + 20939 = -i. Is w prime?
False
Let n(a) = a**3 + 51*a**2 - 10*a + 521. Is n(-49) prime?
True
Suppose 5*q - 9*q + 579188 = l, -2*q - 1158366 = -2*l. Suppose l = 22*z + 45002. Is z a prime number?
True
Suppose -8257348 = -196*k + 9744664. Is k a composite number?
True
Let f = 1995065 - 359328. Is f prime?
False
Suppose 2*z - 2*p = 4021112, -13*z = -14*z + 5*p + 2010552. Is z composite?
True
Let x(u) = -32*u**3 - 11*u**2 - 19*u - 44. Let a be x(-4). Suppose -5*w + 10 = -3*w. Suppose w*q - a = 1941. Is q a prime number?
True
Let d(b) = -4778*b - 298. Let v be d(-7). Suppose 10370 - v = -2*o. Is o composite?
True
Suppose 36*h + 20 = 37*h. Let d = 24 - h. Suppose 0 = -5*g - 2*o + 629, d*o = 3*g - 102 - 291. Is g composite?
False
Suppose -5*v + 5*p = -455940, 158*v - 160*v = -5*p - 182361. Is v composite?
False
Let p = 893 - 885. Is (-6 - -5)/(p/(-114248)) composite?
False
Suppose y - 616 = -0*h - 3*h, y + 212 = h. Let r = 65 + -35. Is 1 + h*r/9 prime?
True
Let f(k) be the first derivative of -114*k**2 - 33*k + 17. Is f(-39) composite?
True
Suppose 0 = -5*q + 35, 212*q - 215*q = -b + 122292. Is b a composite number?
True
Let m be -5 + 2 + 8 + -1 - -1. Suppose -4*k + 12 = 0, -m*i + 4340 = k + 4*k. Is i prime?
False
Let v(f) = 46*f**2 - 9*f + 1. Let u be v(7). Suppose 2*o + u = 4*r, -2*r - 4424 = 4*o - 0*o. Let c = -317 - o. Is c prime?
True
Let y(h) = 1572*h**3 + h**2. Let v be y(1). Let c = v - -3725. Let m = c - 3085. Is m a composite number?
False
Let h(y) = -26*y + 120*y**2 + 101 + 11 + 43 + 22*y**2 + 65*y**2. Is h(6) a prime number?
True
Let x = 327195 + 54716. Is x prime?
True
Let i = -140 + 144. Suppose -i*m - 5*z = -268, 4*m + 0*z - 268 = 4*z. Is m a prime number?
True
Suppose 3*x + 28232 = 2*v, 2*v - 2721 + 12129 